is divided by i?
4
Let j be (36/16)/(6/16). What is the remainder when (338/20 + 3/j)*5 is divided by 6?
3
Suppose 6*j + 4*r - 442 = -40, 3*r + 18 = 0. Suppose 3*v = -4*w + 138, -2*w + 33 = v - 11. Suppose p = -p + v. What is the remainder when j is divided by p?
21
Suppose w - 28 = 3*w. Let o = 25 + w. Let a = -569 + 608. What is the remainder when a is divided by o?
6
Let s be -3 + (3 + -4 - 0) + 3. Suppose 131 = 3*q - 199. What is the remainder when q is divided by ((-9)/(-21) + (-524)/14)*s?
36
Let v(f) = 291*f**2 + 6*f + 1. Let x(z) = 194*z**2 + 4*z + 1. Let h(c) = 5*v(c) - 7*x(c). What is the remainder when h(1) is divided by (3 + 1)/((-19)/(-95))?
17
What is the remainder when ((-771240)/(-63))/20 + 6/(-63) is divided by 90?
72
Let t = 123 - 127. What is the remainder when 131 is divided by t/14 - (184/(-7) - 1)?
23
Let t(u) = 24*u**2 - 151*u - 34. What is the remainder when 2547 is divided by t(7)?
82
Let l(o) be the second derivative of o**3/6 + 25*o**2/2 + 13*o. What is the remainder when 5*(0 - (-8)/10) is divided by l(-24)?
0
Suppose 0 = -2*z - 4, 2 = -4*f - z - 4. Let o = 19 + f. Calculate the remainder when o is divided by 11.
7
Suppose -61636 = -80*x - 12676. What is the remainder when x is divided by 611?
1
Let w(u) = u**2 - 19*u - 30. Let s be w(13). Let d = s - -247. What is the remainder when d is divided by 47?
45
Suppose -36*g + 449 = -512 + 97. Calculate the remainder when 2792 is divided by g.
8
Let k = -13 - -2. Let o = k - -52. Let z(c) = 14*c - 139. Calculate the remainder when o is divided by z(11).
11
Let a = 3480 + -3312. What is the remainder when 678 is divided by a?
6
Suppose 0 = 20*o - 171*o + 20536. Calculate the remainder when o is divided by 4.
0
Let q(f) = 4*f - 13. Let t be q(12). Let j = 31 - t. What is the remainder when 5 is divided by j*(-3)/12*4?
1
Let c(t) = 63*t + 291. Calculate the remainder when 962 is divided by c(-1).
50
Suppose 0 = 4*a - 5*g - 603, -17*g - 300 = -2*a - 13*g. Let r(c) = -c**2 + 29*c - 74. What is the remainder when a is divided by r(25)?
22
Calculate the remainder when (-40679*(-12)/570)/((-4)/(-10)) is divided by 530.
21
Suppose -3*a + 5*y = 22, 0 = a - y + 4 - 0. Let r be (a/(-3))/(2/348*-2). Suppose 3*i = 2*g - r, 28 = g + 4*i - i. What is the remainder when g is divided by 7?
5
Let i = 57 + 428. Suppose 15*l = 175 + i. What is the remainder when 164 is divided by l?
32
Let n(r) = -153*r + 5120. What is the remainder when n(26) is divided by 132?
86
What is the remainder when ((-10)/3)/((-212)/191118) is divided by 47?
44
Let n(s) = 10*s**2 - 5*s + 7. Suppose 227*f + 180 = 232*f. What is the remainder when n(-3) is divided by f?
4
Suppose -5*p + 65 = -0*p. Let c(v) = 2*v**2 - 8*v + 5. Let l be c(5). Suppose 12*a - l*a + 147 = 0. What is the remainder when a is divided by p?
10
Suppose 3*q - k = 1337, -4*q + 5*k = q - 2245. Let i = q - 375. Calculate the remainder when 343 is divided by i.
67
What is the remainder when (-69 + 71)/((-4)/1808*-8) is divided by 24?
17
Suppose 0 = -0*p + 5*p. Suppose p = -5*f + 2*n + 122, -4*n + n + 116 = 4*f. Let u = -145 + 220. What is the remainder when u is divided by f?
23
Suppose -4*x + 5*z = -63, x + 4*x - 2*z - 66 = 0. Suppose 0 = 5*f - 32*w + 33*w - 110, 0 = 5*w - 25. What is the remainder when f is divided by x?
9
Suppose -5*h = 2*r, 0 = 10*r - 6*r + 4*h - 24. What is the remainder when 252 is divided by r?
2
Suppose -h = 2*u - 48, 5513*h - 195 = -5*u + 5518*h. Let r = -135 - -226. Calculate the remainder when r is divided by u.
4
Let o = -647 - -650. Let u(p) = p**3 + 5*p**2 + 2*p - 18. Calculate the remainder when 115 is divided by u(o).
55
What is the remainder when (-21 + 22)*(1013 + 7)/6 is divided by 99?
71
Let m = -8740 - -9122. Calculate the remainder when m is divided by 33.
19
Let p = 8018 - 5125. What is the remainder when p is divided by 21?
16
Suppose 236592 = -41*x + 227*x. What is the remainder when x is divided by 261?
228
Let r(m) = 11*m**3 + 3*m**2 - 2*m + 1. Calculate the remainder when 826 is divided by r(2).
50
Let z(h) = 8*h**2 - 382*h + 680. Calculate the remainder when z(47) is divided by 137.
124
Suppose 516 - 1412 = -7*l. Let z = l + -106. Calculate the remainder when z is divided by 5.
2
Suppose 3928 = 120*m - 272. Let w = -6 - -11. Suppose 158 = -w*u + 493. Calculate the remainder when u is divided by m.
32
Suppose 3*w - 464 = -2*w - 2*j, -4*w - 3*j + 367 = 0. Let s be ((-85)/255)/((-1)/9). Suppose 0 = -s*c - 7 + w. What is the remainder when c is divided by 6?
5
Let b(r) = 2*r**2 + 42*r - 912. What is the remainder when b(14) is divided by 11?
2
Let v = -2564 - -2630. Suppose -p = -z - 18, -p + 4*p = -3*z + 54. What is the remainder when v is divided by p?
12
Suppose -2*u = -0*u - 10, 3*q = 3*u + 93. Let w = 226812 + -226808. Calculate the remainder when q is divided by w.
0
Suppose 5*f = -3*r + 229 + 110, 4*f - 3*r - 282 = 0. Let w(k) = -98*k - 1909. Let g be w(-20). Let x = f - g. Calculate the remainder when 105 is divided by x.
15
Let v = -23 - -45. Suppose 31*o = 383 + 51. Calculate the remainder when v is divided by o.
8
Suppose -2*g = y - 0*g + 51, -4*g = -2*y - 78. Let q = -2896 - -2950. Let x = y + q. What is the remainder when 12 is divided by x?
3
Let w = -1406 + 1435. What is the remainder when 586 is divided by w?
6
Suppose 3*x + 8 = -0*x + 4*q, -x = -5*q - 12. Suppose -2 - 10 = -3*k. Calculate the remainder when 34 is divided by -18*(k/x + 2/(-4)).
16
Suppose 6*g + 1499092 = 77*g + 77*g. What is the remainder when g is divided by 149?
146
Let j be -2 - -2 - 1 - -1. Let i(n) = 25*n + 9. Let u(g) = -71*g - 25. Let p(z) = 17*i(z) + 6*u(z). What is the remainder when 5 is divided by p(j)?
2
Suppose -4*t - 1 = -x + 46, 0 = -2*x + t + 73. Suppose -30*o + x*o = 520. What is the remainder when o is divided by 21?
20
What is the remainder when (58 + -55)*(-276)/(-36) is divided by ((-2)/3)/((-2)/21)?
2
Suppose 2*l + l = 0. Suppose l*m - 53 = -m - 3*f, -4*m + 142 = -2*f. Calculate the remainder when m is divided by (-42)/(-28)*(-32)/(-6).
6
Let d be 7/(56/40)*1. Suppose 103 = 5*j - p - 3*p, 0 = -d*p - 10. What is the remainder when 37 - (0/(-1) + 1) is divided by j?
17
Suppose -25*g + 618 + 357 = 0. Calculate the remainder when 1011 is divided by g.
36
Let c = 382 + -373. What is the remainder when 1088 is divided by c?
8
Suppose 0 = q + 5*p - 50, 3*q + 5*p = 180. What is the remainder when q is divided by ((-1536)/(-320))/((-1)/(-5))?
17
Suppose 0 = -1355*f + 1413*f - 4930. What is the remainder when 662 is divided by f?
67
Suppose 14*y + 50 = 19*y. Suppose y*q - 472 = 14*q. Let i = 30 - q. What is the remainder when i is divided by 25?
23
Calculate the remainder when 235 is divided by 4 + (-7 - 360/(-10)) + 1.
31
Suppose -10*g + 4215 = -14745. Suppose 4*y - g = -8*y. Calculate the remainder when y is divided by 32.
30
Let p(w) = -3*w**2 - 22*w + 15. Let t be p(-5). Suppose 20*b - t - 70 = 0. What is the remainder when 11 is divided by b?
5
What is the remainder when (24/(-36))/((-5)/44250) is divided by 21?
20
Let v = 14638 + 1012. What is the remainder when v is divided by 11?
8
Let r = -5 + 17. Suppose 3*w = -r*w - 3075. Let g = 288 + w. What is the remainder when g is divided by 18?
11
Suppose -h + 18 = 5*h. Suppose 0 = -a + h + 75. Suppose -348 + a = -5*m. Calculate the remainder when m is divided by 14.
12
Calculate the remainder when 196 is divided by 3*(-1)/((-36)/276).
12
Suppose 358 = -2*c - 4*a + 3994, -3*a - 7349 = -4*c. What is the remainder when c is divided by 36?
32
Suppose 2*b = 6*b - 868. Suppose r + 2*j - 1 = 13, 10 = -r - 10*j. What is the remainder when b is divided by r?
17
Let t = -32123 + 32243. What is the remainder when 236 is divided by t?
116
Let u = -13 + 39. Calculate the remainder when 563 is divided by u.
17
Suppose -870*p = -866*p - 72. What is the remainder when 97 is divided by p?
7
Let u = -52244 - -52333. Suppose -2 = -b, -3*b + 2*b - 58 = -4*j. What is the remainder when u is divided by j?
14
Let k = -418 - -468. What is the remainder when 197 is divided by k?
47
Let m = -3165 - -3570. What is the remainder when m is divided by 58?
57
Suppose -18 = -6*l + 4*l. Suppose 0 = -22*o + 31*o - 270. What is the remainder when o*(1 + 2/(-4)) is divided by l?
6
Suppose 80